14. Let s be q(-4). Is i(s) composite?
True
Let f(c) = -c**3 + 29*c**2 - 17*c - 20. Let j(o) = -2*o**3 + 57*o**2 - 33*o - 41. Let i(x) = -7*f(x) + 3*j(x). Is i(36) composite?
True
Let g(z) = 907*z**2 + 3*z - 1. Let q(m) = -3629*m**2 - 12*m + 5. Let n(y) = 9*g(y) + 2*q(y). Let r be n(-1). Suppose 8*w - r = w. Is w a composite number?
True
Suppose -645428226 = -173*g - 86187215. Is g a prime number?
False
Suppose 0 = 56*z + 122*z - 1493242. Is z prime?
True
Suppose 1738*o - 1755*o + 300067 = 0. Is o composite?
True
Let c(i) = -1301*i - 2389. Is c(-16) a composite number?
False
Suppose -2*z = 754*t - 751*t + 13, -z + 4*t = 1. Let h = 0 - -1. Is ((-1)/h)/(z/2855) a prime number?
True
Let l(x) be the first derivative of -x**4/2 + 5*x**3 + 49*x**2/2 + 69*x - 64. Is l(-20) composite?
False
Let t(p) = -14*p - p**3 + 33*p**2 - 31 - 9*p + 2*p. Is t(30) a composite number?
False
Suppose -4*i + 1332 = -0*i. Let x = -2240 + 2068. Let z = x + i. Is z prime?
False
Suppose -5*u + 0*a = -2*a + 90, -3*a = 15. Let g(p) = -p**3 - 2*p**2 + 20*p - 39. Is g(u) a prime number?
True
Let h(q) = 7854*q**2 + 181*q + 12. Is h(5) a prime number?
False
Suppose 2*b + 5*f = 47462, 42670 = 5*b - 3*f - 76016. Let v = b + -1589. Is v prime?
True
Suppose 0*y - 3*y = 255. Let o = -138 + 288. Let r = y + o. Is r prime?
False
Is (3 + -6)*((-1)/6)/(7/925442) a composite number?
False
Suppose -6*t + 41 = 161. Let a be (1/(-2))/(t/320). Is 471*(1 + a/(-12)) a composite number?
False
Let u(o) be the first derivative of o**4 + o**3 - o**2 - 2*o - 4. Let p(i) = -9*i**3 - 5*i**2 + 4*i + 4. Let f(j) = -4*p(j) - 7*u(j). Is f(3) a prime number?
True
Let k(g) = 2005*g**3 + 8*g**2 - 50*g - 62. Is k(5) a composite number?
True
Let v(a) = -a**3 + 2*a**2 + 5*a - 4. Let s be v(3). Suppose 68 = s*j + 2*j. Suppose 88 = 5*l - j. Is l composite?
True
Suppose 4*t + 3 = 15. Suppose 3*o = t*y + o - 6535, -5*y - o = -10909. Let v = -1534 + y. Is v a prime number?
True
Let d(j) = -2705*j - 64. Let u be d(-3). Suppose 16102 = 2*o + 5*b, -o + u = -b - 4*b. Is o a composite number?
True
Is (-579857)/284*(-144 - 4) a composite number?
True
Suppose -2*x + 3*y = -2414521, 0 = 2*x + 613*y - 612*y - 2414517. Is x a prime number?
True
Suppose 14*d + 175774 + 97912 = 0. Let g = -10026 - d. Is g composite?
True
Let h = 142659 + -78758. Is h prime?
True
Let w = 24 + -15. Let r(x) = -x**2 + 9*x + 3. Let k be r(w). Let c(t) = 424*t - 15. Is c(k) composite?
True
Is (-9)/(-27)*18 - (-52847 - 0) a composite number?
True
Let g(w) = -22*w**3 - 14*w**2 - 24*w + 5. Is g(-13) a prime number?
False
Suppose -5*h - 101 = 124. Let o be 2/(-15) + (-96)/h. Suppose 4*i + 4*z - 1332 = 0, -3*z = o*i - 425 - 245. Is i composite?
True
Let h be (0 + -745)*8*(-2)/10. Suppose 0 = -8*z + h - 528. Is z composite?
False
Suppose -2*s - 347 - 585 = 0. Suppose -x + 12 = -76. Let p = x - s. Is p composite?
True
Suppose 2*g = 5*y + 36945, 4*g - 55430 = g - 5*y. Let f = g + -11019. Suppose f = 5*b - 729. Is b a composite number?
False
Let i = 22 - 31. Let q be (-24)/i - 3/(-9). Is q/1 - (-3360)/10 a composite number?
True
Let q = 249 + -246. Suppose 4*z + 20733 + 4542 = 5*j, 15168 = q*j - 3*z. Is j a prime number?
True
Suppose 3*t = -1 + 10. Let h be -2 + (t/(-9))/((-1)/15). Suppose -y + 3*a = -0*a - 298, h*a = -4*y + 1207. Is y a prime number?
False
Suppose 147 = 6*q - 63. Let a = q - 26. Suppose 5*j = 5*z + 2020, -429 = -j - a*z + 5*z. Is j a composite number?
False
Let m(a) = 249*a + 20. Let v(d) = 497*d + 39. Let x = 55 - 52. Let n(y) = x*v(y) - 5*m(y). Is n(11) composite?
True
Let c(q) = 25198*q + 4417. Is c(33) prime?
True
Let u(i) = -i**3 - 11*i**2 + 11*i - 10. Let f be u(-12). Suppose -2*z + 3*z = -f*c + 290, 2*z = 0. Is c a prime number?
False
Suppose 2*f + i + 26161 - 117942 = 0, -5*i = -35. Is f a prime number?
True
Suppose -3*s = -730*f + 733*f - 72360, 3*s + f - 72362 = 0. Is s a prime number?
True
Let i = 411326 + 118389. Is i composite?
True
Suppose -53*j = -57*j - 8. Is j/(-3) + (-8265)/(-9) prime?
True
Let v = -30 - -37. Let p be 37/7 - 2/v. Suppose i - a = -0*i + 649, 0 = 3*i + p*a - 1931. Is i a prime number?
True
Suppose 3573 = -4*f + 3*h - 705, 2*h = -4. Is -1*(6 + -2 + f) a prime number?
False
Let h(q) = -799*q**3 - 15*q - 45. Is h(-4) a composite number?
False
Let u = 5332 + -7527. Is (-325)/(-125)*(0 - u) composite?
True
Let n = 3028 + -4440. Suppose 4*v + 9948 = 4*t, 5*t - v - 12471 = -5*v. Let u = n + t. Is u composite?
True
Let j be (3 + -3 - 0)/1. Suppose -3*r + 29 - 14 = j. Suppose -r*a - 630 = -5*k - 10*a, 3*k - a = 398. Is k prime?
True
Let m(a) = 2658*a**2 + 12*a - 9. Let d be m(6). Let l = d - 55262. Is l a composite number?
True
Let w(a) = -25 + 453*a + 153*a - 30 + 20 - 32. Is w(3) a composite number?
True
Let p = -65193 - -125126. Is p prime?
False
Let z(j) = 606*j + 7. Suppose -x = 148 - 150. Is z(x) composite?
True
Let k(l) = 1413*l**3 + 3*l**2 - 21*l + 13. Is k(6) prime?
False
Is 2613813/39 + (8/(-13))/(-4) a composite number?
False
Suppose 5*j - 2*v = j + 226606, 4*j - 4*v - 226604 = 0. Suppose n + n = j. Is ((-6)/12)/((-3)/n) prime?
True
Is (-7)/(35/1) + ((-35284)/(-20) - 5) a composite number?
False
Suppose -4*v = -o - 18, 3*v - 10 = 5. Let n(k) = 2 + 6*k + 4 - 7 + 0 + 42*k**o. Is n(-4) composite?
False
Suppose 17*n - 12*n - 35 = 0. Let b = -3757 + 17126. Suppose -n*t = -b - 28092. Is t a composite number?
False
Suppose 0 = 51*p + 3*p - 2717334. Is p composite?
False
Suppose -97*t + 118341782 - 27868465 = -19339510. Is t prime?
True
Suppose 0 = 3*d - 3, -5*c - 4*d + 252291 + 287168 = 0. Is c a composite number?
True
Let q(i) = -6*i - 41. Let m(k) = 9*k**2 + 33*k + 61. Let a(s) = -5*s**2 - 17*s - 31. Let c(x) = 7*a(x) + 4*m(x). Let b be c(-5). Is q(b) a composite number?
False
Suppose -6*u - 2*v + 16242 = -u, 0 = -u - 5*v + 3230. Suppose 5*r - u = -n, -4*r + 2616 = 4*n - 0*n. Is r prime?
False
Let u be (-4)/(-2 - (0 + 0/(-1))). Suppose u*d + 10 = 5*z, 0 = -3*d + d + 10. Suppose -z*x = -x - 4071. Is x prime?
False
Let s(m) = 2716*m - 30. Let c be s(3). Suppose -3*w - i + c = 0, i - 7411 - 3414 = -4*w. Is w prime?
True
Suppose 7*f = 7096 - 733. Suppose -f = o - 3966. Is o a prime number?
False
Suppose -2*m + d = -4830, 2*m - d = 2*d + 4834. Let v = m - 1459. Suppose -2*q - 3*q = -v. Is q a composite number?
False
Suppose -31*v - 8269 + 488 = 0. Let g = v - -11064. Is g a composite number?
True
Suppose -184*t = -75*t - 64*t - 39143835. Is t a composite number?
False
Let v(q) = 3*q**2 - 33 + 23*q - 34*q + 16*q. Is v(4) a composite number?
True
Is (-1649446)/(-3) - 480/360 - -3 composite?
False
Suppose 9223542 = 75*x - 9603933. Is x a composite number?
False
Let l = -232 + 230. Is 10 - 5 - l - -3942 a prime number?
False
Let h(r) be the first derivative of r**4/2 + 4*r**3/3 - 3*r**2 - 7*r - 106. Is h(10) prime?
True
Let z = 64 - 62. Suppose -3*w + 0*w = -p - 23, -z*p = -w + 16. Let n(d) = 31*d + 1. Is n(w) prime?
False
Suppose 76*p - 29*p - 33*p = 1252538. Is p prime?
False
Let h be (-3)/(-18) + ((-24474)/(-36) - 2). Let s = 1765 - h. Is s prime?
True
Suppose 0 = -7*h + 11*h - 28508. Suppose -7936 - h = -3*t. Is t prime?
True
Let k be (-3)/((-1)/(-3)*(-15 + 12)). Suppose 0 = -5*i + 2*w - 0*w - 27825, 16695 = -k*i + 5*w. Let g = 9136 + i. Is g a composite number?
False
Suppose 4 = 2*n + 2. Suppose y = 3*g + 7079, 2*g - 5*y - 243 = -4945. Is (n*-2 - -3)/((-3)/g) composite?
False
Let f be -21*1527*(-5)/(-45). Let k = f + 9802. Is k composite?
True
Suppose -2*y + d - 15456 + 4582 = 0, 16304 = -3*y - 2*d. Let g = -3143 - y. Is g composite?
False
Suppose -4*o - 35*i + 1622313 = -34*i, 4*o + 4*i = 1622328. Is o a composite number?
False
Let c = 208029 - 145628. Is c a composite number?
False
Is 907*-194*35/(-70) prime?
False
Suppose -5*b - 135 = -32*b. Suppose -b*a = 2*d - 239425, -4*a + 4*d + 191538 = 6*d. Is a prime?
False
Suppose -104 = -19*t - 9. Suppose -t*m - 4596 = -2*i, 2*i - 3175 - 1401 = -5*m. Is i a composite number?
False
Let k(m) = 869*m - 60 + 48 - 74. Is k(39) prime?
False
Let a(p) = -p**3 - 16*p**2 - 28*p + 1. Let z be a(-14). Suppose i = 3 + z. Suppose -2*m = 3*u - 231, -m + 99 = -0*m - i*u. Is m composite?
True
Suppose -16*t = -14*t - 10484. Let x be (-4)/2 + 3 + (t - -3). Let j = x - 2227. Is j prim